+ 6 - (-1)/y composite?
True
Let n = -421593 + 1589588. Is n a prime number?
False
Suppose 31*u - 34*u + 368280 = 2*d, -2*u = -2*d - 245510. Is u a prime number?
False
Suppose 763*r - 551*r = 26191964. Is r a composite number?
False
Let h(z) = 5906*z**2 + 519*z + 2564. Is h(-5) composite?
True
Suppose 4*u - 4*f = 6*u - 1226534, 4*f + 613231 = u. Is u composite?
True
Suppose 6316346 = 104*k - 2632542. Is k composite?
True
Is (232/16 + -14)*14134 a prime number?
False
Let h(k) = -13 - 10 - 8 + 24 - 3*k**2 + 16500*k**3 + 9*k. Is h(1) a prime number?
False
Let f = 16891 + -5048. Is f composite?
True
Suppose 0 = 3*v + 21, -2*v + 115465 = 2*g + 28157. Is g composite?
False
Let m = -238 - -238. Suppose 3*c + 0*l - 159 = 3*l, l = m. Is c composite?
False
Suppose 0 = -2*d + 6, -t = 27*d - 30*d - 527645. Is t prime?
False
Let x(v) = v**2 + 2*v + 1. Let t = 35 + -34. Let y be x(t). Let p(z) = 12*z**2 + 2*z - 9. Is p(y) prime?
True
Suppose -5*u + 1350 = -815. Let a = u - 274. Is a a prime number?
False
Let q = -3937 + 5814. Let c = q - 946. Let b = -654 + c. Is b prime?
True
Let d = -22483 + 43742. Is d composite?
True
Suppose 2*g = -31 - 17. Is (-3 + (-88)/g)*(-1671)/(-2) prime?
True
Suppose 2*r = 2*c - 4*c + 26524, -5*c = r - 66298. Is c a composite number?
False
Suppose 31642633 - 7365466 = 51*g + 156*g. Is g a prime number?
True
Let n be (-8)/(-3)*30/(-5). Let d = 22 + n. Is d/(-14) + (-147792)/(-84) prime?
True
Let x(a) = 16*a**2 - 30*a**2 + 5 - 4*a + 25*a**2 - a**3. Is x(9) composite?
False
Suppose 5*i = 5*f - 35, f = -2*i - 12 - 5. Let h be 1140/27 - i/(-36). Suppose -h + 277 = 5*w. Is w a composite number?
False
Suppose 0 = 13*m - 12*m - 20. Suppose 25 = 3*q - 4*a, -2*a + 7*a = -m. Suppose 6*t - 2*t + q*s = 677, 2*t - 5*s - 319 = 0. Is t a composite number?
False
Suppose -1619 = 2*b + 53. Let r = b - -1407. Is r prime?
True
Let k(t) = t + 12*t**2 - 9*t**2 + 10*t**2 + 1 - 8. Let b = 0 + -7. Is k(b) composite?
True
Let j be (-87)/29 + (-26004)/(-1 - 2). Suppose 2*d + 3*c - j = 0, -3*c = 4*d - 0*d - 17339. Is d a composite number?
False
Suppose 26*o - 34*o = -33*o + 7109125. Is o a composite number?
True
Let v = 7409 + 1734. Let q = v + -5280. Is q a prime number?
True
Suppose 10*l - 36 = 6*l + 4*k, -4*k = 2*l + 12. Suppose l*n = -3*c + 1747, -5*n = 37*c - 41*c - 2207. Is n prime?
True
Let z(f) = 4*f**2 - 2*f. Let h be z(-2). Is 1596/16*h/15 a composite number?
True
Suppose -k + 4841 = 46*k. Suppose -2*t - 93 + 477 = 0. Suppose -3*u - k = -c, -2*c - 3*u + 2*u = -t. Is c prime?
True
Let s(n) = -5*n - 21. Suppose 0*q - 5*q - 37 = 3*t, 4 = -t. Let k be s(q). Suppose o = 3*a - 7116, -k*a + o + 1485 + 8002 = 0. Is a composite?
False
Suppose -j + 5*d + 40 = 4*j, 0 = 4*j + 5*d - 5. Let w = -1177 + 3893. Suppose -5*g + w = 3*q, -1811 = -2*q - j*g + 2*g. Is q composite?
False
Suppose -2*v + 23942 = -2*f, v + 9*f = 8665 + 3286. Is v a composite number?
False
Suppose -5*p + 5*w = -883545, -8*w = -3*p - 195801 + 725938. Is p prime?
False
Let s(i) = -129*i**3 - 20*i**2 - 96*i + 37. Is s(-8) a composite number?
True
Let v = -178 + 182. Suppose -v*k - 26089 = -4*m - 5*k, -k = -5. Is m composite?
False
Is 18*(-100)/(-120) - -360466 prime?
False
Let y = 50 - 48. Is 1514/3 + y/6 a composite number?
True
Let s(h) = 11*h**3 - 20*h**2 + 15*h + 19. Let k(z) = -2*z**3 - 2*z**2. Let g(a) = 3*k(a) + s(a). Is g(9) a prime number?
True
Let n = -276 - -1133. Suppose -2*k + 309 = -n. Is k prime?
False
Let j = -27336 - -44869. Is j a composite number?
True
Suppose 4*l = w + 2*w + 408036, -5*w + 204044 = 2*l. Suppose 0 = 40*a - 28*a - l. Is a a composite number?
False
Let p(n) = 333*n**2 + 2*n. Let f be p(-3). Suppose -6*i + 13797 = f. Is i a composite number?
False
Suppose 224*y = 163*y + 5129511 + 2452118. Is y a prime number?
False
Let d(i) = -43*i**3 - 2*i**2 - 2*i + 2. Let r be d(-2). Let q = 150 + r. Suppose 3549 = 9*g - q. Is g a composite number?
False
Let o be (-99548)/(-28) + (-12)/42. Suppose -5*n + 7*n = -4*b + 1434, 5*b + o = 5*n. Is n prime?
False
Let v(u) = -474*u**3 + 5*u**2 + 10*u + 11. Let n be (3 - 32/12)*(-7 + 1). Is v(n) prime?
True
Let q be -211*(-1)/(-4)*4. Let t = 341 + q. Let z = 395 - t. Is z composite?
True
Let d = 9359 - 2325. Suppose c = -4*b + d, -15*b - c - 7038 = -19*b. Is b a prime number?
True
Let f be -1 - -2 - (-1 - -2)*-13. Let n = f + -9. Suppose n*a - 2990 + 930 = -5*c, -5*a - 1244 = -3*c. Is c a prime number?
False
Let v(s) be the second derivative of -s**4/12 + 7*s**3/6 + 7*s. Let c be v(6). Is (-4)/4*7287/c*-2 prime?
False
Suppose 14*r = -4*r + 144. Suppose -r*h + 55*h = 35767. Is h a composite number?
False
Let k = 19457 + 21638. Is k composite?
True
Let s = 52 + -47. Suppose -6*x = -65 + s. Suppose w = x*c - 6*c - 4602, c + 4*w - 1159 = 0. Is c prime?
True
Let u(i) = -3*i + 32 - 3*i**2 - 4*i + 7*i**2. Let w be u(12). Suppose -k + 504 = 4*b - 2*k, 0 = 4*b + 4*k - w. Is b composite?
False
Let m(c) = 2*c**2 - 125448. Let b be m(0). Is (5/(-2*15))/(4/b) prime?
True
Let x = 19 - 14. Let n = -48 + 48. Suppose -x*h + 845 + 3090 = n. Is h prime?
True
Is (40/480)/(1/519972) a prime number?
True
Let x(y) = 210*y**2 - 214*y - 157. Is x(43) a composite number?
True
Is -16 + 5/((-90)/(-8013978)) a composite number?
True
Suppose 474672 = 2*c - 3*s - 1097393, c = 2*s + 786033. Is c composite?
False
Suppose s = -4*k - 97, 2*k + 73 - 389 = 4*s. Let p = s - -568. Is p prime?
True
Is 5 + 16649144/32 + 2/8 prime?
True
Let w = -19 + 19. Suppose 5*r - 930 = 3*b + 128, w = -r + 4*b + 215. Suppose 3*x - r = 56. Is x a composite number?
False
Let i be (7/(-14))/(3/(-35466)). Suppose -2*a - 3*t = -i, 5*t + 6178 = 5*a - 8612. Is a a prime number?
True
Let s(n) = 6*n**2 - 26*n + 9. Suppose -22 = 706*g - 708*g. Is s(g) prime?
True
Suppose -4*o = -0*o - 124. Let q = 50 - o. Suppose 0 = 16*i - q*i + 2001. Is i composite?
True
Suppose 4*u - 16 = -2*h, -2 = -4*u + 2*h + 6. Suppose 0 = -2*y + m + 3465, u*y = 5*m - 2*m + 5196. Is y a composite number?
False
Let g be (-1 - (-1 - 0))*-1. Suppose 3*z + 0*p + 4*p + 467 = 0, -4*z - 4*p - 616 = g. Let w = 14 - z. Is w composite?
False
Let t(y) = y**3 - 12*y**2 + 11*y - 3. Let z be (-2)/(-2 - (-100)/55). Let m be t(z). Is (13084/(-6))/((-1)/m*-2) a composite number?
False
Suppose n - 76*v + 77*v = 321546, -1607779 = -5*n + 2*v. Is n composite?
False
Let g = 262669 - -1357470. Is g prime?
False
Let p be ((-36)/(-5))/3*(-105100)/(-30). Let y = p + -2230. Is y prime?
False
Suppose -155*c + 192*c = 19358141. Is c a prime number?
False
Suppose -30*f = -35*f - 2*j + 66, 2*f = -2*j + 30. Suppose f*x - 29345 - 5611 = 0. Is x prime?
False
Let t(n) = 2812*n - 6315. Is t(77) a composite number?
False
Let w = -1284 - -3303. Suppose w = -d + 4*d. Is d a composite number?
False
Suppose 0 = 19*k - 14*k - 20. Suppose -m + 0*o = 3*o - 5333, 5361 = m - k*o. Is m a prime number?
False
Suppose -5193246 + 6050370 = 39*p - 9214197. Is p composite?
True
Let o = -42 + 54. Is ((-10)/o)/5 - (-133235)/30 a composite number?
False
Is 11 + -18 + (-3126123)/(-5) - (-9)/(-15) a prime number?
False
Is 3 + (3 - 1 - (-7 - -11 - 1373188)) composite?
False
Let r(n) = -5567*n + 2602. Is r(-15) a composite number?
True
Let c(u) = 97*u**2 + 8*u - 10. Let t be c(8). Let l = 10300 - t. Is (3 + -6)/(-6)*l/3 prime?
True
Let y = -4530845 + 9078898. Is y a prime number?
True
Suppose 4*t + 7780 = 5*k - 7958, -3*k + 2*t = -9442. Suppose w - 2*y = k - 677, -2*w = 4*y - 4898. Is w a prime number?
True
Suppose 1665483 = 3*g - 3*d, 507*g - 509*g + 5*d = -1110304. Is g a composite number?
False
Let s be (2 - 1 - -180)/(18/2268). Suppose 45621 = 9*o - s. Is o prime?
True
Let p(x) = -210*x + 14. Let u(z) = 635*z - 45. Let b(j) = 212*j - 15. Let q(w) = 8*b(w) - 3*u(w). Let o(v) = 2*p(v) - 3*q(v). Is o(8) a composite number?
True
Let o(m) = 72*m**3 - m**2 + 133*m - 1115. Is o(10) a composite number?
True
Suppose 0*g + g + 218698 = s, g = -s + 218708. Is s prime?
False
Let y = 773975 + -415444. Is y composite?
False
Let z = -4397 + 7254. Suppose 0 = 5*y + 3*p - z - 1242, -4*p = -4*y + 3260. Is y a prime number?
False
Let w = -101 - -101. Suppose 0 = 4*y - w - 16. Is (y + 8070/(-12))/((-1)/2) a composite number?
True
Is (-272)/(-816) - 69427*2/(-3) a composite number?
True
Let l(g